{"id":16,"date":"2020-05-20T11:12:23","date_gmt":"2020-05-20T09:12:23","guid":{"rendered":"https:\/\/plewa.brands-and-friends.de\/standorte\/"},"modified":"2024-11-25T13:09:41","modified_gmt":"2024-11-25T12:09:41","slug":"standorte","status":"publish","type":"page","link":"https:\/\/baumarkt-vreden.de\/nl\/standorte\/","title":{"rendered":"Standorte"},"content":{"rendered":"\n<figure class=\"wp-block-image size-large subpage-header\"><img fetchpriority=\"high\" decoding=\"async\" width=\"1024\" height=\"188\" src=\"https:\/\/baumarkt-vreden.de\/wp-content\/uploads\/2024\/11\/bild-2-1024x188.jpg\" alt=\"\" class=\"wp-image-4550\" title=\"\" srcset=\"https:\/\/baumarkt-vreden.de\/wp-content\/uploads\/2024\/11\/bild-2-1024x188.jpg 1024w, https:\/\/baumarkt-vreden.de\/wp-content\/uploads\/2024\/11\/bild-2-300x55.jpg 300w, https:\/\/baumarkt-vreden.de\/wp-content\/uploads\/2024\/11\/bild-2-768x141.jpg 768w, https:\/\/baumarkt-vreden.de\/wp-content\/uploads\/2024\/11\/bild-2-1536x282.jpg 1536w, https:\/\/baumarkt-vreden.de\/wp-content\/uploads\/2024\/11\/bild-2.jpg 1920w\" sizes=\"(max-width: 1024px) 100vw, 1024px\" \/><\/figure>\n\n\n\n<div class=\"fixed-size content-container garten-container standort-container\">\n<!-- Widget Shortcode --><div id=\"bcn_widget-2\" class=\"widget widget_breadcrumb_navxt widget-shortcode area-arbitrary \"><div class=\"breadcrumbs\" vocab=\"https:\/\/schema.org\/\" typeof=\"BreadcrumbList\"><span property=\"itemListElement\" typeof=\"ListItem\"><a property=\"item\" typeof=\"WebPage\" title=\"Go to BAUFUCHS Plewa - Baumarkt Vreden.\" href=\"https:\/\/baumarkt-vreden.de\/nl\" class=\"home\" ><span property=\"name\">BAUFUCHS Plewa - Baumarkt Vreden<\/span><\/a><meta property=\"position\" content=\"1\"><\/span>&gt;<span property=\"itemListElement\" typeof=\"ListItem\"><a property=\"item\" typeof=\"WebPage\" title=\"Go to Startseite.\" href=\"https:\/\/baumarkt-vreden.de\/nl\/startseite\/\" class=\"post-root post post-post\" aria-current=\"page\"><span property=\"name\">Startseite<\/span><\/a><meta property=\"position\" content=\"2\"><\/span><\/div><\/div><!-- \/Widget Shortcode -->\n\n\n\n<div class=\"wp-block-columns is-layout-flex wp-container-core-columns-is-layout-9d6595d7 wp-block-columns-is-layout-flex\">\n<div class=\"wp-block-column is-layout-flow wp-block-column-is-layout-flow\">\n<h2 class=\"wp-block-heading\">BAUSTOFFHANDEL VREDEN<\/h2>\n\n\n\n<figure class=\"wp-block-image size-large\"><img decoding=\"async\" src=\"\/wp-content\/uploads\/2020\/08\/vreden_baustoffhandel-1024x972.jpg\" alt=\"\" title=\"\"><\/figure>\n\n\n\n<p><strong>W\u00fcllener Str. 89-91<br>48691 Vreden<\/strong><\/p>\n\n\n\n<p>Als Baustoffh\u00e4ndler in Ihrer N\u00e4he sind wir flexibel, zuverl\u00e4ssig und liefern alles aus einer Hand. &nbsp;Zu unseren St\u00e4rken z\u00e4hlt der pers\u00f6nliche Kontakt, die unternehmenseigene Logistik sowie ein gro\u00dfes Lager und schnellste Beschaffungsm\u00f6glichkeiten.<br>In unseren Baustoffhandlungen &nbsp;werden Sie rund um die Themen Tiefbau, Hochbau, Garten- &#038; Landschaftsbau, Trockenbau &#038; D\u00e4mmung sowie Bauchemie f\u00fcndig. Neben den Baustoffen finden Sie Profi-Zubeh\u00f6r in unserem Fachmarkt. Fertigbeton k\u00f6nnen Sie&nbsp; frisch aus unserer Betontankstelle in Vreden beziehen.<\/p>\n<\/div>\n\n\n\n<div class=\"wp-block-column is-layout-flow wp-block-column-is-layout-flow\">\n<h2 class=\"wp-block-heading\">BAU- &#038; GARTENMARKT<\/h2>\n\n\n\n<figure class=\"wp-block-image size-large\"><img decoding=\"async\" src=\"\/wp-content\/uploads\/2024\/11\/baufuchs_plewa_standtort_vreden.png\" alt=\"\" title=\"\"><\/figure>\n\n\n\n<p><strong>W\u00fcllener Str. 76-78<br>48691 Vreden<\/strong><\/p>\n\n\n\n<p>Getreu unserem Motto &#8220;So nah, so gut, so passt&#8217;s&#8221; sind wir Ihr Nahversorgerfachmarkt vor Ort. Eine pers\u00f6nliche und fachlich ausf\u00fchrliche Beratung ist f\u00fcr uns selbstverst\u00e4ndlich. Fachmarktspezifische Serviceleistungen runden unser Service-Paket ab.<\/p>\n<\/div>\n\n\n\n<div class=\"wp-block-column is-layout-flow wp-block-column-is-layout-flow\">\n<h2 class=\"wp-block-heading\">BAUSTOFFHANDEL LEGDEN<\/h2>\n\n\n\n<figure class=\"wp-block-image size-large\"><img decoding=\"async\" src=\"\/wp-content\/uploads\/2020\/07\/standort_legden.jpg\" alt=\"\" title=\"\"><\/figure>\n\n\n\n<p><strong>Neue M\u00fchle 16 <br>48739 Legden<\/strong><\/p>\n\n\n\n<p>Als Baustoffh\u00e4ndler in Ihrer N\u00e4he sind wir flexibel, zuverl\u00e4ssig und liefern alles aus einer Hand.&nbsp; Zu unseren St\u00e4rken z\u00e4hlt der pers\u00f6nliche Kontakt, die unternehmenseigene Logistik sowie ein gro\u00dfes Lager und schnellste Beschaffungsm\u00f6glichkeiten.<br>In unseren Baustoffhandlungen&nbsp; werden Sie rund um die Themen Tiefbau, Hochbau, Garten- &#038; Landschaftsbau, Trockenbau &#038; D\u00e4mmung sowie Bauchemie f\u00fcndig. Neben den Baustoffen finden Sie Profi-Zubeh\u00f6r in unserem Fachmarkt.<\/p>\n<\/div>\n<\/div>\n\n\n\n<div style=\"height:40px\" aria-hidden=\"true\" class=\"wp-block-spacer\"><\/div>\n\n\n\n<h2 class=\"wp-block-heading\">Digitaler Rundgang<\/h2>\n\n\n\n<div class=\"BorlabsCookie _brlbs-cb-googlemapstour\"><div class=\"_brlbs-content-blocker\"> <div class=\"_brlbs-embed _brlbs-google-maps\"> <div class=\"_brlbs-caption\"> <p>Mit dem Laden des 3D Rundgang akzeptieren Sie die Datenschutzerkl\u00e4rung von Google.<br><a href=\"https:\/\/policies.google.com\/privacy\" target=\"_blank\" rel=\"nofollow noopener noreferrer\">Mehr erfahren<\/a><\/p> <p><a class=\"_brlbs-btn\" href=\"#\" data-borlabs-cookie-unblock role=\"button\">Rundgang Laden<\/a><\/p> <p><label><input type=\"checkbox\" name=\"unblockAll\" value=\"1\" checked> <small>Google Rundgang immer entsperren<\/small><\/label><\/p> <\/div> <\/div> <\/div><div class=\"borlabs-hide\" data-borlabs-cookie-type=\"content-blocker\" data-borlabs-cookie-id=\"googlemapstour\"><script type=\"text\/template\">CjxpZnJhbWUgc3JjPSJodHRwczovL3d3dy5nb29nbGUuY29tL21hcHMvZW1iZWQ\/cGI9ITR2MTY4MzcxMzEwODAxOCE2bTghMW03ITFzQ0FvU0xFRkdNVkZwY0UwMGR6aGhRMmx1TkRnd1YyWjRVVVJZWWpCRVRHdDZRekIxVEhSbU1uQkpUa3BmU2trMyEybTIhMWQ1Mi4wMzUzNjAwNDMyMzEhMmQ2LjgzODA1MTI0OTEwNzEhM2YyMDMhNGYwLjEwOTk5OTk5OTk5OTk5OTQzITVmMC43ODIwODY1OTc0NjI3NDY5IiB3aWR0aD0iMTAwJSIgc3R5bGU9ImJvcmRlcjowOyBhc3BlY3QtcmF0aW86IDEuNjQgLyAxOyBtYXgtd2lkdGg6IDk1dnc7IG1heC1oZWlnaHQ6IDk1dmg7IiBhbGxvd2Z1bGxzY3JlZW49IiIgbG9hZGluZz0ibGF6eSIgcmVmZXJyZXJwb2xpY3k9Im5vLXJlZmVycmVyLXdoZW4tZG93bmdyYWRlIj48L2lmcmFtZT4K<\/script><\/div><\/div>\n\n\n\n<\/div>\n","protected":false},"excerpt":{"rendered":"<p>BAUSTOFFHANDEL VREDEN W\u00fcllener Str. 89-9148691 Vreden Als Baustoffh\u00e4ndler in Ihrer N\u00e4he sind wir flexibel, zuverl\u00e4ssig und liefern alles aus einer Hand. &nbsp;Zu unseren St\u00e4rken z\u00e4hlt der pers\u00f6nliche Kontakt, die unternehmenseigene Logistik sowie ein gro\u00dfes Lager und schnellste Beschaffungsm\u00f6glichkeiten.In unseren Baustoffhandlungen &nbsp;werden Sie rund um die Themen Tiefbau, Hochbau, Garten- &#038; Landschaftsbau, Trockenbau &#038; D\u00e4mmung sowie [&hellip;]<\/p>\n","protected":false},"author":1,"featured_media":0,"parent":0,"menu_order":40,"comment_status":"closed","ping_status":"closed","template":"","meta":{"_acf_changed":false,"_uag_custom_page_level_css":"","footnotes":""},"class_list":["post-16","page","type-page","status-publish","hentry"],"acf":[],"uagb_featured_image_src":{"full":false,"thumbnail":false,"medium":false,"medium_large":false,"large":false,"1536x1536":false,"2048x2048":false},"uagb_author_info":{"display_name":"bandf","author_link":"https:\/\/baumarkt-vreden.de\/nl\/author\/bandf\/"},"uagb_comment_info":0,"uagb_excerpt":"BAUSTOFFHANDEL VREDEN W\u00fcllener Str. 89-9148691 Vreden Als Baustoffh\u00e4ndler in Ihrer N\u00e4he sind wir flexibel, zuverl\u00e4ssig und liefern alles aus einer Hand. &nbsp;Zu unseren St\u00e4rken z\u00e4hlt der pers\u00f6nliche Kontakt, die unternehmenseigene Logistik sowie ein gro\u00dfes Lager und schnellste Beschaffungsm\u00f6glichkeiten.In unseren Baustoffhandlungen &nbsp;werden Sie rund um die Themen Tiefbau, Hochbau, Garten- &#038; Landschaftsbau, Trockenbau &#038; D\u00e4mmung sowie&hellip;","_links":{"self":[{"href":"https:\/\/baumarkt-vreden.de\/nl\/wp-json\/wp\/v2\/pages\/16","targetHints":{"allow":["GET"]}}],"collection":[{"href":"https:\/\/baumarkt-vreden.de\/nl\/wp-json\/wp\/v2\/pages"}],"about":[{"href":"https:\/\/baumarkt-vreden.de\/nl\/wp-json\/wp\/v2\/types\/page"}],"author":[{"embeddable":true,"href":"https:\/\/baumarkt-vreden.de\/nl\/wp-json\/wp\/v2\/users\/1"}],"replies":[{"embeddable":true,"href":"https:\/\/baumarkt-vreden.de\/nl\/wp-json\/wp\/v2\/comments?post=16"}],"version-history":[{"count":38,"href":"https:\/\/baumarkt-vreden.de\/nl\/wp-json\/wp\/v2\/pages\/16\/revisions"}],"predecessor-version":[{"id":4580,"href":"https:\/\/baumarkt-vreden.de\/nl\/wp-json\/wp\/v2\/pages\/16\/revisions\/4580"}],"wp:attachment":[{"href":"https:\/\/baumarkt-vreden.de\/nl\/wp-json\/wp\/v2\/media?parent=16"}],"curies":[{"name":"wp","href":"https:\/\/api.w.org\/{rel}","templated":true}]}}

<figure class="wp-block-image size-large subpage-header"><img fetchpriority="high" decoding="async" width="1024" height="188" src="https://baumarkt-vreden.de/wp-content/uploads/2024/11/bild-2-1024x188.jpg" alt="" class="wp-image-4550" title="" srcset="https://baumarkt-vreden.de/wp-content/uploads/2024/11/bild-2-1024x188.jpg 1024w, https://baumarkt-vreden.de/wp-content/uploads/2024/11/bild-2-300x55.jpg 300w, https://baumarkt-vreden.de/wp-content/uploads/2024/11/bild-2-768x141.jpg 768w, https://baumarkt-vreden.de/wp-content/uploads/2024/11/bild-2-1536x282.jpg 1536w, https://baumarkt-vreden.de/wp-content/uploads/2024/11/bild-2.jpg 1920w" sizes="(max-width: 1024px) 100vw, 1024px" /></figure>



<div class="fixed-size content-container garten-container standort-container">
<!-- Widget Shortcode --><div id="bcn_widget-2" class="widget widget_breadcrumb_navxt widget-shortcode area-arbitrary "><div class="breadcrumbs" vocab="https://schema.org/" typeof="BreadcrumbList"><span property="itemListElement" typeof="ListItem"><a property="item" typeof="WebPage" title="Go to BAUFUCHS Plewa - Baumarkt Vreden." href="https://baumarkt-vreden.de/nl" class="home" ><span property="name">BAUFUCHS Plewa - Baumarkt Vreden</span></a><meta property="position" content="1"></span>&gt;<span property="itemListElement" typeof="ListItem"><a property="item" typeof="WebPage" title="Go to Startseite." href="https://baumarkt-vreden.de/nl/startseite/" class="post-root post post-post" aria-current="page"><span property="name">Startseite</span></a><meta property="position" content="2"></span></div></div><!-- /Widget Shortcode -->



<div class="wp-block-columns is-layout-flex wp-container-core-columns-is-layout-9d6595d7 wp-block-columns-is-layout-flex">
<div class="wp-block-column is-layout-flow wp-block-column-is-layout-flow">
<h2 class="wp-block-heading">BAUSTOFFHANDEL VREDEN</h2>



<figure class="wp-block-image size-large"><img decoding="async" src="/wp-content/uploads/2020/08/vreden_baustoffhandel-1024x972.jpg" alt="" title=""></figure>



<p><strong>Wüllener Str. 89-91<br>48691 Vreden</strong></p>



<p>Als Baustoffhändler in Ihrer Nähe sind wir flexibel, zuverlässig und liefern alles aus einer Hand. &nbsp;Zu unseren Stärken zählt der persönliche Kontakt, die unternehmenseigene Logistik sowie ein großes Lager und schnellste Beschaffungsmöglichkeiten.<br>In unseren Baustoffhandlungen &nbsp;werden Sie rund um die Themen Tiefbau, Hochbau, Garten- &#038; Landschaftsbau, Trockenbau &#038; Dämmung sowie Bauchemie fündig. Neben den Baustoffen finden Sie Profi-Zubehör in unserem Fachmarkt. Fertigbeton können Sie&nbsp; frisch aus unserer Betontankstelle in Vreden beziehen.</p>
</div>



<div class="wp-block-column is-layout-flow wp-block-column-is-layout-flow">
<h2 class="wp-block-heading">BAU- &#038; GARTENMARKT</h2>



<figure class="wp-block-image size-large"><img decoding="async" src="/wp-content/uploads/2024/11/baufuchs_plewa_standtort_vreden.png" alt="" title=""></figure>



<p><strong>Wüllener Str. 76-78<br>48691 Vreden</strong></p>



<p>Getreu unserem Motto &#8220;So nah, so gut, so passt&#8217;s&#8221; sind wir Ihr Nahversorgerfachmarkt vor Ort. Eine persönliche und fachlich ausführliche Beratung ist für uns selbstverständlich. Fachmarktspezifische Serviceleistungen runden unser Service-Paket ab.</p>
</div>



<div class="wp-block-column is-layout-flow wp-block-column-is-layout-flow">
<h2 class="wp-block-heading">BAUSTOFFHANDEL LEGDEN</h2>



<figure class="wp-block-image size-large"><img decoding="async" src="/wp-content/uploads/2020/07/standort_legden.jpg" alt="" title=""></figure>



<p><strong>Neue Mühle 16 <br>48739 Legden</strong></p>



<p>Als Baustoffhändler in Ihrer Nähe sind wir flexibel, zuverlässig und liefern alles aus einer Hand.&nbsp; Zu unseren Stärken zählt der persönliche Kontakt, die unternehmenseigene Logistik sowie ein großes Lager und schnellste Beschaffungsmöglichkeiten.<br>In unseren Baustoffhandlungen&nbsp; werden Sie rund um die Themen Tiefbau, Hochbau, Garten- &#038; Landschaftsbau, Trockenbau &#038; Dämmung sowie Bauchemie fündig. Neben den Baustoffen finden Sie Profi-Zubehör in unserem Fachmarkt.</p>
</div>
</div>



<div style="height:40px" aria-hidden="true" class="wp-block-spacer"></div>



<h2 class="wp-block-heading">Digitaler Rundgang</h2>



<div class="BorlabsCookie _brlbs-cb-googlemapstour"><div class="_brlbs-content-blocker"> <div class="_brlbs-embed _brlbs-google-maps"> <div class="_brlbs-caption"> <p>Mit dem Laden des 3D Rundgang akzeptieren Sie die Datenschutzerklärung von Google.<br><a href="https://policies.google.com/privacy" target="_blank" rel="nofollow noopener noreferrer">Mehr erfahren</a></p> <p><a class="_brlbs-btn" href="#" data-borlabs-cookie-unblock role="button">Rundgang Laden</a></p> <p><label><input type="checkbox" name="unblockAll" value="1" checked> <small>Google Rundgang immer entsperren</small></label></p> </div> </div> </div><div class="borlabs-hide" data-borlabs-cookie-type="content-blocker" data-borlabs-cookie-id="googlemapstour"><script type="text/template">CjxpZnJhbWUgc3JjPSJodHRwczovL3d3dy5nb29nbGUuY29tL21hcHMvZW1iZWQ/cGI9ITR2MTY4MzcxMzEwODAxOCE2bTghMW03ITFzQ0FvU0xFRkdNVkZwY0UwMGR6aGhRMmx1TkRnd1YyWjRVVVJZWWpCRVRHdDZRekIxVEhSbU1uQkpUa3BmU2trMyEybTIhMWQ1Mi4wMzUzNjAwNDMyMzEhMmQ2LjgzODA1MTI0OTEwNzEhM2YyMDMhNGYwLjEwOTk5OTk5OTk5OTk5OTQzITVmMC43ODIwODY1OTc0NjI3NDY5IiB3aWR0aD0iMTAwJSIgc3R5bGU9ImJvcmRlcjowOyBhc3BlY3QtcmF0aW86IDEuNjQgLyAxOyBtYXgtd2lkdGg6IDk1dnc7IG1heC1oZWlnaHQ6IDk1dmg7IiBhbGxvd2Z1bGxzY3JlZW49IiIgbG9hZGluZz0ibGF6eSIgcmVmZXJyZXJwb2xpY3k9Im5vLXJlZmVycmVyLXdoZW4tZG93bmdyYWRlIj48L2lmcmFtZT4K</script></div></div>



</div>

<p>BAUSTOFFHANDEL VREDEN Wüllener Str. 89-9148691 Vreden Als Baustoffhändler in Ihrer Nähe sind wir flexibel, zuverlässig und liefern alles aus einer Hand. &nbsp;Zu unseren Stärken zählt der persönliche Kontakt, die unternehmenseigene Logistik sowie ein großes Lager und schnellste Beschaffungsmöglichkeiten.In unseren Baustoffhandlungen &nbsp;werden Sie rund um die Themen Tiefbau, Hochbau, Garten- &#038; Landschaftsbau, Trockenbau &#038; Dämmung sowie [&hellip;]</p>

BAUSTOFFHANDEL VREDEN Wüllener Str. 89-9148691 Vreden Als Baustoffhändler in Ihrer Nähe sind wir flexibel, zuverlässig und liefern alles aus einer Hand. &nbsp;Zu unseren Stärken zählt der persönliche Kontakt, die unternehmenseigene Logistik sowie ein großes Lager und schnellste Beschaffungsmöglichkeiten.In unseren Baustoffhandlungen &nbsp;werden Sie rund um die Themen Tiefbau, Hochbau, Garten- &#038; Landschaftsbau, Trockenbau &#038; Dämmung sowie&hellip;
