{"id":3598,"date":"2021-06-14T11:43:09","date_gmt":"2021-06-14T09:43:09","guid":{"rendered":"https:\/\/baumarkt-vreden.de\/?page_id=3598"},"modified":"2025-03-19T08:29:30","modified_gmt":"2025-03-19T07:29:30","slug":"download","status":"publish","type":"page","link":"https:\/\/baumarkt-vreden.de\/nl\/download\/","title":{"rendered":"Download"},"content":{"rendered":"\n<figure class=\"wp-block-image size-full\"><img fetchpriority=\"high\" decoding=\"async\" width=\"1920\" height=\"353\" src=\"https:\/\/baumarkt-vreden.de\/wp-content\/uploads\/2021\/06\/plewa_katalogendownloads_header.jpeg\" alt=\"\" class=\"wp-image-3608\" title=\"\" srcset=\"https:\/\/baumarkt-vreden.de\/wp-content\/uploads\/2021\/06\/plewa_katalogendownloads_header.jpeg 1920w, https:\/\/baumarkt-vreden.de\/wp-content\/uploads\/2021\/06\/plewa_katalogendownloads_header-300x55.jpeg 300w, https:\/\/baumarkt-vreden.de\/wp-content\/uploads\/2021\/06\/plewa_katalogendownloads_header-1024x188.jpeg 1024w, https:\/\/baumarkt-vreden.de\/wp-content\/uploads\/2021\/06\/plewa_katalogendownloads_header-768x141.jpeg 768w, https:\/\/baumarkt-vreden.de\/wp-content\/uploads\/2021\/06\/plewa_katalogendownloads_header-1536x282.jpeg 1536w\" sizes=\"(max-width: 1920px) 100vw, 1920px\" \/><\/figure>\n\n\n\n<div class=\"wp-block-group fixed-size download-site\"><div class=\"wp-block-group__inner-container is-layout-flow wp-block-group-is-layout-flow\">\n<div style=\"height:49px\" aria-hidden=\"true\" class=\"wp-block-spacer\"><\/div>\n\n\n\n<h2 class=\"wp-block-heading\" id=\"unsere-kataloge-downloads\">Unsere Kataloge &#038; Downloads<\/h2>\n\n\n\n<p>Freuen Sie sich auf die gro\u00dfe Auswahl vom Baufuchs Plewa. Wir f\u00fchren die Waren diverser Lieferanten in unserem Sortiment und haben auch f\u00fcr Ihre individuellen Anliegen ein offenes Ohr. Seien Sie sich sicher, dass wir eine L\u00f6sung f\u00fcr Ihre W\u00fcnsche finden. <br><br>Im Folgenden finden Sie die Kataloge unserer Partner. Alle enthaltenen Artikel beziehen Sie \u00fcber unsere regionalen Standorte in Vreden &#038; Legden. <\/p>\n\n\n\n<div style=\"height:34px\" aria-hidden=\"true\" class=\"wp-block-spacer\"><\/div>\n\n\n\n<div class=\"wp-block-group download-buttons\"><div class=\"wp-block-group__inner-container is-layout-flow wp-block-group-is-layout-flow\">\n<div class=\"wp-block-buttons is-layout-flex wp-block-buttons-is-layout-flex\">\n<div class=\"wp-block-button\"><a class=\"wp-block-button__link wp-element-button\" href=\"https:\/\/www.brunsdigital.de\/ebooks\/BK_Baufuchs_Plewa_Beilage_2025\/\" target=\"_blank\" rel=\"noopener\">Gartenplaner Kompakt 2025<\/a><\/div>\n<\/div>\n\n\n\n<div class=\"wp-block-buttons is-layout-flex wp-block-buttons-is-layout-flex\">\n<div class=\"wp-block-button\"><a class=\"wp-block-button__link wp-element-button\" href=\"https:\/\/www.yumpu.com\/de\/document\/read\/68456320\/diephaus-gesamtkatalog-2024\" target=\"_blank\" rel=\"noreferrer noopener\">Diephaus &#8211; Gesamtkatalog 2025<\/a><\/div>\n<\/div>\n\n\n\n<div class=\"wp-block-buttons is-layout-flex wp-block-buttons-is-layout-flex\">\n<div class=\"wp-block-button\"><a class=\"wp-block-button__link wp-element-button\" href=\"https:\/\/baumarkt-vreden.de\/wp-content\/uploads\/2024\/03\/Excluton-Catalogus-2024_DE.pdf\" target=\"_blank\" rel=\"noreferrer noopener\">Excluton &#8211; Outdoor Magazine 2025<\/a><\/div>\n<\/div>\n\n\n\n<div class=\"wp-block-buttons is-layout-flex wp-block-buttons-is-layout-flex\">\n<div class=\"wp-block-button\"><a class=\"wp-block-button__link wp-element-button\" href=\"https:\/\/baumarkt-vreden.de\/wp-content\/uploads\/2024\/03\/ideenwelt-2024-TETZNER-JENTZSCH.pdf\">Tetzner &#038; Jentzsch -Ideenwelt f\u00fcr Ihren Garten 2025<\/a><\/div>\n<\/div>\n\n\n\n<div class=\"wp-block-buttons is-layout-flex wp-block-buttons-is-layout-flex\">\n<div class=\"wp-block-button\"><a class=\"wp-block-button__link wp-element-button\" href=\"https:\/\/baumarkt-vreden.de\/wp-content\/uploads\/2024\/03\/osmo-holz-und-color-katalog-sichtblenden.pdf\">OSMO Holz &#038; Color Sichtblenden 2025<\/a><\/div>\n<\/div>\n\n\n\n<div class=\"wp-block-buttons is-layout-flex wp-block-buttons-is-layout-flex\">\n<div class=\"wp-block-button\"><a class=\"wp-block-button__link wp-element-button\" href=\"https:\/\/baumarkt-vreden.de\/wp-content\/uploads\/2024\/03\/Biohort.pdf\">Biohort 2025<\/a><\/div>\n<\/div>\n\n\n\n<div class=\"wp-block-buttons is-layout-flex wp-block-buttons-is-layout-flex\"><\/div>\n\n\n\n<div class=\"wp-block-buttons is-layout-flex wp-block-buttons-is-layout-flex\">\n<div class=\"wp-block-button\"><a class=\"wp-block-button__link wp-element-button\" href=\"https:\/\/baumarkt-vreden.de\/wp-content\/uploads\/2024\/03\/Gartentechnik-und-Bewaesserung.pdf\" target=\"_blank\" rel=\"noreferrer noopener\">hagebau kompakt &#8211; Gartentechnik &#038; Bew\u00e4sserung 2025<\/a><\/div>\n<\/div>\n\n\n\n<div class=\"wp-block-buttons is-layout-flex wp-block-buttons-is-layout-flex\">\n<div class=\"wp-block-button\"><a class=\"wp-block-button__link wp-element-button\" href=\"https:\/\/baumarkt-vreden.de\/wp-content\/uploads\/2024\/03\/Gartengestaltung.pdf\">hagebau kompakt &#8211; Gartengestaltung 2025<\/a><\/div>\n<\/div>\n\n\n\n<div class=\"wp-block-buttons is-layout-flex wp-block-buttons-is-layout-flex\">\n<div class=\"wp-block-button\"><a class=\"wp-block-button__link wp-element-button\" href=\"https:\/\/baumarkt-vreden.de\/wp-content\/uploads\/2024\/03\/Grillen.pdf\">hagebau kompakt &#8211; Grillen 2025<\/a><\/div>\n<\/div>\n\n\n\n<div class=\"wp-block-buttons is-layout-flex wp-block-buttons-is-layout-flex\">\n<div class=\"wp-block-button\"><a class=\"wp-block-button__link wp-element-button\" href=\"https:\/\/baumarkt-vreden.de\/wp-content\/uploads\/2024\/03\/Gartenbaustoffe.pdf\">hagebau kompakt Gartenbaustoffe 2025<\/a><\/div>\n<\/div>\n<\/div><\/div>\n\n\n\n<div style=\"height:40px\" aria-hidden=\"true\" class=\"wp-block-spacer\"><\/div>\n<\/div><\/div>\n\n\n\n<div class=\"wp-block-buttons is-layout-flex wp-block-buttons-is-layout-flex\"><\/div>\n","protected":false},"excerpt":{"rendered":"<p>Unsere Kataloge &#038; Downloads Freuen Sie sich auf die gro\u00dfe Auswahl vom Baufuchs Plewa. Wir f\u00fchren die Waren diverser Lieferanten in unserem Sortiment und haben auch f\u00fcr Ihre individuellen Anliegen ein offenes Ohr. Seien Sie sich sicher, dass wir eine L\u00f6sung f\u00fcr Ihre W\u00fcnsche finden. Im Folgenden finden Sie die Kataloge unserer Partner. Alle enthaltenen [&hellip;]<\/p>\n","protected":false},"author":1,"featured_media":0,"parent":0,"menu_order":0,"comment_status":"closed","ping_status":"closed","template":"","meta":{"_acf_changed":false,"_uag_custom_page_level_css":"","footnotes":""},"class_list":["post-3598","page","type-page","status-publish","hentry"],"acf":[],"uagb_featured_image_src":{"full":false,"thumbnail":false,"medium":false,"medium_large":false,"large":false,"1536x1536":false,"2048x2048":false},"uagb_author_info":{"display_name":"bandf","author_link":"https:\/\/baumarkt-vreden.de\/nl\/author\/bandf\/"},"uagb_comment_info":0,"uagb_excerpt":"Unsere Kataloge &#038; Downloads Freuen Sie sich auf die gro\u00dfe Auswahl vom Baufuchs Plewa. Wir f\u00fchren die Waren diverser Lieferanten in unserem Sortiment und haben auch f\u00fcr Ihre individuellen Anliegen ein offenes Ohr. Seien Sie sich sicher, dass wir eine L\u00f6sung f\u00fcr Ihre W\u00fcnsche finden. Im Folgenden finden Sie die Kataloge unserer Partner. Alle enthaltenen&hellip;","_links":{"self":[{"href":"https:\/\/baumarkt-vreden.de\/nl\/wp-json\/wp\/v2\/pages\/3598","targetHints":{"allow":["GET"]}}],"collection":[{"href":"https:\/\/baumarkt-vreden.de\/nl\/wp-json\/wp\/v2\/pages"}],"about":[{"href":"https:\/\/baumarkt-vreden.de\/nl\/wp-json\/wp\/v2\/types\/page"}],"author":[{"embeddable":true,"href":"https:\/\/baumarkt-vreden.de\/nl\/wp-json\/wp\/v2\/users\/1"}],"replies":[{"embeddable":true,"href":"https:\/\/baumarkt-vreden.de\/nl\/wp-json\/wp\/v2\/comments?post=3598"}],"version-history":[{"count":72,"href":"https:\/\/baumarkt-vreden.de\/nl\/wp-json\/wp\/v2\/pages\/3598\/revisions"}],"predecessor-version":[{"id":4995,"href":"https:\/\/baumarkt-vreden.de\/nl\/wp-json\/wp\/v2\/pages\/3598\/revisions\/4995"}],"wp:attachment":[{"href":"https:\/\/baumarkt-vreden.de\/nl\/wp-json\/wp\/v2\/media?parent=3598"}],"curies":[{"name":"wp","href":"https:\/\/api.w.org\/{rel}","templated":true}]}}

<figure class="wp-block-image size-full"><img fetchpriority="high" decoding="async" width="1920" height="353" src="https://baumarkt-vreden.de/wp-content/uploads/2021/06/plewa_katalogendownloads_header.jpeg" alt="" class="wp-image-3608" title="" srcset="https://baumarkt-vreden.de/wp-content/uploads/2021/06/plewa_katalogendownloads_header.jpeg 1920w, https://baumarkt-vreden.de/wp-content/uploads/2021/06/plewa_katalogendownloads_header-300x55.jpeg 300w, https://baumarkt-vreden.de/wp-content/uploads/2021/06/plewa_katalogendownloads_header-1024x188.jpeg 1024w, https://baumarkt-vreden.de/wp-content/uploads/2021/06/plewa_katalogendownloads_header-768x141.jpeg 768w, https://baumarkt-vreden.de/wp-content/uploads/2021/06/plewa_katalogendownloads_header-1536x282.jpeg 1536w" sizes="(max-width: 1920px) 100vw, 1920px" /></figure>



<div class="wp-block-group fixed-size download-site"><div class="wp-block-group__inner-container is-layout-flow wp-block-group-is-layout-flow">
<div style="height:49px" aria-hidden="true" class="wp-block-spacer"></div>



<h2 class="wp-block-heading" id="unsere-kataloge-downloads">Unsere Kataloge &#038; Downloads</h2>



<p>Freuen Sie sich auf die große Auswahl vom Baufuchs Plewa. Wir führen die Waren diverser Lieferanten in unserem Sortiment und haben auch für Ihre individuellen Anliegen ein offenes Ohr. Seien Sie sich sicher, dass wir eine Lösung für Ihre Wünsche finden. <br><br>Im Folgenden finden Sie die Kataloge unserer Partner. Alle enthaltenen Artikel beziehen Sie über unsere regionalen Standorte in Vreden &#038; Legden. </p>



<div style="height:34px" aria-hidden="true" class="wp-block-spacer"></div>



<div class="wp-block-group download-buttons"><div class="wp-block-group__inner-container is-layout-flow wp-block-group-is-layout-flow">
<div class="wp-block-buttons is-layout-flex wp-block-buttons-is-layout-flex">
<div class="wp-block-button"><a class="wp-block-button__link wp-element-button" href="https://www.brunsdigital.de/ebooks/BK_Baufuchs_Plewa_Beilage_2025/" target="_blank" rel="noopener">Gartenplaner Kompakt 2025</a></div>
</div>



<div class="wp-block-buttons is-layout-flex wp-block-buttons-is-layout-flex">
<div class="wp-block-button"><a class="wp-block-button__link wp-element-button" href="https://www.yumpu.com/de/document/read/68456320/diephaus-gesamtkatalog-2024" target="_blank" rel="noreferrer noopener">Diephaus &#8211; Gesamtkatalog 2025</a></div>
</div>



<div class="wp-block-buttons is-layout-flex wp-block-buttons-is-layout-flex">
<div class="wp-block-button"><a class="wp-block-button__link wp-element-button" href="https://baumarkt-vreden.de/wp-content/uploads/2024/03/Excluton-Catalogus-2024_DE.pdf" target="_blank" rel="noreferrer noopener">Excluton &#8211; Outdoor Magazine 2025</a></div>
</div>



<div class="wp-block-buttons is-layout-flex wp-block-buttons-is-layout-flex">
<div class="wp-block-button"><a class="wp-block-button__link wp-element-button" href="https://baumarkt-vreden.de/wp-content/uploads/2024/03/ideenwelt-2024-TETZNER-JENTZSCH.pdf">Tetzner &#038; Jentzsch -Ideenwelt für Ihren Garten 2025</a></div>
</div>



<div class="wp-block-buttons is-layout-flex wp-block-buttons-is-layout-flex">
<div class="wp-block-button"><a class="wp-block-button__link wp-element-button" href="https://baumarkt-vreden.de/wp-content/uploads/2024/03/osmo-holz-und-color-katalog-sichtblenden.pdf">OSMO Holz &#038; Color Sichtblenden 2025</a></div>
</div>



<div class="wp-block-buttons is-layout-flex wp-block-buttons-is-layout-flex">
<div class="wp-block-button"><a class="wp-block-button__link wp-element-button" href="https://baumarkt-vreden.de/wp-content/uploads/2024/03/Biohort.pdf">Biohort 2025</a></div>
</div>



<div class="wp-block-buttons is-layout-flex wp-block-buttons-is-layout-flex"></div>



<div class="wp-block-buttons is-layout-flex wp-block-buttons-is-layout-flex">
<div class="wp-block-button"><a class="wp-block-button__link wp-element-button" href="https://baumarkt-vreden.de/wp-content/uploads/2024/03/Gartentechnik-und-Bewaesserung.pdf" target="_blank" rel="noreferrer noopener">hagebau kompakt &#8211; Gartentechnik &#038; Bewässerung 2025</a></div>
</div>



<div class="wp-block-buttons is-layout-flex wp-block-buttons-is-layout-flex">
<div class="wp-block-button"><a class="wp-block-button__link wp-element-button" href="https://baumarkt-vreden.de/wp-content/uploads/2024/03/Gartengestaltung.pdf">hagebau kompakt &#8211; Gartengestaltung 2025</a></div>
</div>



<div class="wp-block-buttons is-layout-flex wp-block-buttons-is-layout-flex">
<div class="wp-block-button"><a class="wp-block-button__link wp-element-button" href="https://baumarkt-vreden.de/wp-content/uploads/2024/03/Grillen.pdf">hagebau kompakt &#8211; Grillen 2025</a></div>
</div>



<div class="wp-block-buttons is-layout-flex wp-block-buttons-is-layout-flex">
<div class="wp-block-button"><a class="wp-block-button__link wp-element-button" href="https://baumarkt-vreden.de/wp-content/uploads/2024/03/Gartenbaustoffe.pdf">hagebau kompakt Gartenbaustoffe 2025</a></div>
</div>
</div></div>



<div style="height:40px" aria-hidden="true" class="wp-block-spacer"></div>
</div></div>



<div class="wp-block-buttons is-layout-flex wp-block-buttons-is-layout-flex"></div>

<p>Unsere Kataloge &#038; Downloads Freuen Sie sich auf die große Auswahl vom Baufuchs Plewa. Wir führen die Waren diverser Lieferanten in unserem Sortiment und haben auch für Ihre individuellen Anliegen ein offenes Ohr. Seien Sie sich sicher, dass wir eine Lösung für Ihre Wünsche finden. Im Folgenden finden Sie die Kataloge unserer Partner. Alle enthaltenen [&hellip;]</p>

Unsere Kataloge &#038; Downloads Freuen Sie sich auf die große Auswahl vom Baufuchs Plewa. Wir führen die Waren diverser Lieferanten in unserem Sortiment und haben auch für Ihre individuellen Anliegen ein offenes Ohr. Seien Sie sich sicher, dass wir eine Lösung für Ihre Wünsche finden. Im Folgenden finden Sie die Kataloge unserer Partner. Alle enthaltenen&hellip;
